ighest common divisor of 57 and m?
3
Let q(j) = 141*j**2 + 3*j + 2. Let z be q(-1). Suppose 2*y - z = -3*y. Calculate the highest common divisor of 4 and y.
4
Suppose 3*z = 6*z. Suppose 5*h = -z*h + 70. Calculate the highest common factor of 7 and h.
7
Suppose -h - 173 = -4*d, 3*d - 7*d = -2*h - 170. Calculate the highest common divisor of 8 and d.
4
Let s(w) = w - 7. Let b be s(8). What is the highest common factor of b and 13?
1
Suppose -3*z = 3*m + 11 - 29, m - 2*z + 6 = 0. What is the highest common divisor of 14 and m?
2
Let w(j) = j**3 + 6*j**2 - 2*j - 8. Let n be w(-6). Suppose 0 = 5*a - n*a - 14. Calculate the highest common divisor of a and 56.
14
Suppose -3*n - n + 260 = 0. Let p(r) = r**3 - 7*r**2 - 6*r - 3. Let q be p(8). Calculate the greatest common factor of n and q.
13
Let i be (-2)/(-3 + (-14)/(-4)). Let n = i - -10. Calculate the highest common factor of n and 18.
6
Let p = -70 - -100. What is the greatest common factor of 330 and p?
30
Let x = -5 + -2. Let n = 14 + x. Suppose 2*d = n*d - 30. What is the greatest common factor of 6 and d?
6
Let v be 6*(1/(-2) + 1). Let x(r) be the second derivative of r**4/6 + 2*r**3/3 - 11*r. Let f be x(v). What is the highest common divisor of f and 10?
10
Let t(d) = -d**2 - 6*d - 2. Let q = -2 + -3. Let u be t(q). Let z = u + -1. Calculate the greatest common factor of 4 and z.
2
Let m(b) = b**2 + 6*b - 4. Let p be m(-5). Let c be (-33)/p + (-1)/(-3). What is the highest common factor of c and 44?
4
Let z = 33 - 16. What is the greatest common divisor of z and 119?
17
Let f(i) = 2*i**2 - 3*i + 1. Let s be f(5). Suppose 4 + s = 4*h. What is the highest common factor of 5 and h?
5
Suppose -u = -0*u - 198. Calculate the highest common factor of u and 18.
18
Let o(g) = 90*g**2 - g. Let b be o(1). Let j = 153 - b. Let t = 134 - j. What is the highest common factor of 28 and t?
14
Suppose -n + 4*x - 9 = 0, 16 = -4*n - 2*x - 2*x. Let c be (2 - 18/n)*5. Calculate the highest common factor of 4 and c.
4
Suppose -4*t + 0*t - 247 = -5*i, 0 = -4*i + t + 202. Let b be 6*(-4 + i/9). Calculate the highest common divisor of b and 70.
10
Let z(c) = -c**3 - 13*c**2 - 14*c - 6. Let s be z(-12). Calculate the greatest common divisor of 18 and s.
18
Suppose -2*o = 4*r + 10, -10 = -r + 3*o + 5. Suppose 5*m + 5*d - 25 = 0, 1 = 5*m - 3*d - r. Calculate the greatest common divisor of 6 and m.
2
Suppose 9*w - 4*w = 5. Calculate the greatest common divisor of w and 3.
1
Suppose 0 = -0*l - 2*l. Let t be 9/((-1)/(l - 1)). Suppose -5*k + 24 - t = 0. What is the highest common factor of k and 24?
3
Suppose 2*w - 125 = -3*f, 0*f + 65 = 2*f + 5*w. What is the highest common factor of f and 9?
9
Suppose -6 + 0 = -2*v + 4*p, -3*v + 9 = p. Suppose v*z = -5*o + 60 + 228, 5*o = 4*z + 281. Calculate the greatest common factor of 19 and o.
19
Let a be (-2)/8 - 41/(-4). Let r be 7*7 - (-10 + 9). What is the greatest common divisor of r and a?
10
Let l = 98 - 60. Let c = l + -19. Calculate the highest common factor of c and 152.
19
Suppose -4*c + 131 = 2*k - 165, 0 = 5*c + 15. Suppose 6 = 3*i, -i - 54 = -5*x + 14. Calculate the highest common factor of k and x.
14
Let w(s) = 2*s**2 - s + 134*s**3 - 2*s**2. Let q be w(1). Let m = 21 + -2. What is the greatest common divisor of m and q?
19
Let v(c) = c**3 - 6*c**2 - 4*c - 1. Let n be v(7). Suppose -i = i - n. Calculate the highest common divisor of i and 5.
5
Let b = -8 - -22. What is the greatest common divisor of 126 and b?
14
Let r be (9/6)/(3/18). Let a = 35 - r. What is the highest common factor of a and 52?
26
Let o(h) = -h**2 - 10*h - 16. Let w be o(-11). Let u = w - -44. What is the highest common divisor of 102 and u?
17
Suppose -8 = -2*a, -3*a + 0*a + 156 = -l. Let s be -3 - l/(16/4). What is the greatest common factor of 22 and s?
11
Let h = 14 + -26. Let a = h + 13. Calculate the highest common factor of a and 2.
1
Let l(n) = -n**3 - 6*n**2 - 7*n + 2. Let v be l(-5). Calculate the highest common factor of v and 108.
12
Let b = -31 - -53. Calculate the greatest common factor of 55 and b.
11
Suppose -5*i = -4 + 9. Let v = i - -34. Calculate the greatest common factor of v and 22.
11
Suppose -4*v = -77 - 51. Calculate the greatest common divisor of 8 and v.
8
Let u be -1 - (-5 + 2/1). Let l be (u/2)/((-3)/(-6)). What is the highest common divisor of l and 8?
2
Let w = -5 + 116. Let i = -23 + w. What is the highest common divisor of 8 and i?
8
Let v(s) = 2*s - 4. Let p be -1 - (-6 - (-2)/2). Let d be v(p). Suppose 0 = d*i - 52 + 4. Calculate the greatest common divisor of i and 108.
12
Let x = 5 + -3. Suppose x*k - k = 7. Let r = 0 + 21. What is the greatest common factor of r and k?
7
Let q = 76 + -20. What is the greatest common divisor of 504 and q?
56
Let q be 21*(1 - (-20)/(-28)). Let t be ((-6)/(-4))/((-2)/(-4)). Suppose -t*d + 6 = -192. What is the highest common divisor of d and q?
6
Let w be 2/6 - (-362)/(-6). Let m be w/(-9)*6/4. What is the highest common divisor of m and 20?
10
Let v = 55 + -23. Let l = v - 8. Calculate the highest common divisor of l and 16.
8
Suppose -505 - 56 = -3*s. Suppose -5*o + 5*j - 27 = -107, -o - 2*j = -19. Calculate the highest common divisor of s and o.
17
Let a be (1/(-4))/(12/(-48)). Calculate the greatest common factor of 8 and a.
1
Let p be -2 + -2 + 6 + 13. Calculate the highest common divisor of p and 60.
15
Let d(l) = -9*l - 10. Let m be d(-3). Calculate the highest common factor of m and 1.
1
Let c = 55 - 7. Suppose s = 3*s - c. What is the greatest common divisor of 12 and s?
12
Let n be (-3)/1 - (-17 + 12). Suppose 0 = 3*a - 14 - 10. What is the highest common divisor of n and a?
2
Let g(l) = -2*l**2 - 9*l - 12. Let y be g(-6). Let k be (-4)/10 - 102/y. What is the highest common divisor of 3 and k?
3
Let t(s) = -6*s**3 - 5*s**2 - 2*s + 3. Let z be 11/(-3) + 18/27. Let n be t(z). What is the greatest common factor of n and 14?
14
Let u be (-24)/(-9) - 2/(-6). Let j be -3 - (0 - u) - -4. Suppose 5*p - g = 340, -j*p + 296 - 24 = -3*g. What is the greatest common divisor of p and 17?
17
Suppose 2*g - 61 = -3*v + 4*g, 4*v - g - 83 = 0. Suppose 5*a - 43 = -8. Calculate the greatest common divisor of v and a.
7
Let b = -96 + 166. What is the greatest common divisor of b and 35?
35
Let c(t) = t - 2. Let d be c(5). Let v = -30 + 54. Calculate the highest common divisor of v and d.
3
Let h(b) = 3*b**2 + 9*b. Let s be -2 + (2 - 0 - 6). Let a be h(s). Calculate the highest common factor of 81 and a.
27
Let s be (-2)/2 + (1 - -2). Suppose -s*t + 1284 = -0*t. Let a be (-4)/(-18) - t/(-27). What is the highest common divisor of a and 8?
8
Let a = 126 - 112. Calculate the highest common factor of 98 and a.
14
Suppose g + 12 - 5 = 0. Let o = -4 - g. Let i be ((-6)/o)/2*-2. What is the highest common factor of 16 and i?
2
Let u be -1 - (0/2 - 12). Suppose -y + u = -0*y. Suppose -3*l + 15 + y = -5*i, -44 = -3*l - 4*i. Calculate the highest common divisor of l and 96.
12
Let l = 5 + -5. Let b be (4 - 1)*(-1)/(-3). Let z = b + l. Calculate the greatest common factor of 3 and z.
1
Let v = 41 + -21. What is the greatest common divisor of 30 and v?
10
Let g(o) = o**3 + 9*o**2 - 6*o. Let y be g(-7). Suppose -m + y = -2*d + 54, 2*m - d = 169. What is the highest common factor of 12 and m?
12
Let d be (-2 - 0) + 10 + -2. Calculate the greatest common factor of d and 42.
6
Let s be 4/(-14) - (-180)/42. Suppose s*a - 6 - 30 = 0. Let o be (-4)/(-10) - 43/(-5). Calculate the greatest common divisor of a and o.
9
Let q = -28 + 33. What is the highest common factor of q and 10?
5
Let h(u) = u**3 - 5*u**2 + 4*u + 3. Let c be h(4). Let k = -42 - -96. Suppose c*x - k = 51. Calculate the greatest common divisor of 14 and x.
7
Suppose -4*m = -2 - 14. Calculate the greatest common factor of m and 4.
4
Suppose 8*q = 3*q + 40. Suppose z - q = -z. Suppose -2 = -g + z. What is the greatest common factor of 12 and g?
6
Let z(m) be the third derivative of -m**4/24 + 2*m**2. Let o be z(-4). What is the highest common divisor of 36 and o?
4
Suppose -151 = -16*q + 137. Calculate the highest common factor of 90 and q.
18
Suppose 358 = 3*s - 146. What is the greatest common factor of 12 and s?
12
Let h(o) = 18*o + 3. Let d(g) = 37*g + 7. Let x(b) = -2*d(b) + 5*h(b). L